2).
-3
Evaluate (3 - -1) + 5 + -13 - 0.
-4
7 + (-9 - (10 + -16))
4
4 + -1 + 4 + (-11 - -5)
1
Calculate (3 - (-5 + 8)) + -1.
-1
Evaluate 6 - 1 - (-4 - -4).
5
What is 42 - 38 - (9 - 1)?
-4
What is (-5 - -5) + -4 - -4?
0
What is the value of -3 + (8 - ((6 - 8) + 2))?
5
Evaluate -2 + (1 + 1 - (6 + 1)).
-7
What is the value of (3 - (-2 - -3 - 4)) + -7?
-1
What is the value of (1 - -2) + (2 - 3 - -3)?
5
Calculate (-3 - (-1 - -3)) + 1.
-4
Calculate -8 - -1 - (0 - 0) - -2.
-5
What is the value of -3 + -1 - (-4 + (4 - 4))?
0
What is the value of 6 + -2 + -3 + 1 + 0?
2
What is the value of ((0 - -2) + 3 - 1) + 1?
5
3 + (4 - 2 - 3) - -3
5
9 - 2 - (2 - -1)
4
What is the value of 4 - (3 + 7 + (-2 - 2))?
-2
Calculate -19 - (-7 + -7) - (0 - 6).
1
Calculate (-4 - (5 - (0 + 9))) + 0.
0
Evaluate (-2 - 2) + -4 + (12 - 5).
-1
Evaluate (6 - 9) + (-4 - 0).
-7
Calculate (-11 + 12 - 6) + 1 + 2.
-2
Calculate 1 + 0 - (3 - (-7 + 8)).
-1
What is the value of (-1 + 5 - 5) + 6?
5
-3 - 1 - (6 + (4 - 12))
-2
What is the value of -4 - -1 - (-2 + -2 + -1)?
2
Calculate (-7 - (1 - 0)) + 3.
-5
Evaluate -1 + -10 + 16 + 1 + -2.
4
Calculate 13 - (-6 + 2 + 14).
3
What is -3 + 1 - 2 - -6?
2
What is the value of -3 + (-6 - (9 - 16))?
-2
(-4 - 1 - -7) + -6
-4
(-1 - 0 - -2) + -39 + 42
4
What is the value of 0 + (-5 - (-2 + 2))?
-5
What is 1 - 0 - (-6 - -14 - 5)?
-2
-33 + 25 - (5 + -3 - 5)
-5
Calculate (-3 + 4 - -9) + -17.
-7
Calculate -13 - ((2 - -11) + -23).
-3
Evaluate -2 - (-5 - (5 - 4)).
4
Calculate 0 + -7 + 0 + (5 - 1).
-3
What is the value of -2 - (-1 - 6) - 1 - 0?
4
Evaluate 5 + -10 + -5 - -13.
3
What is (0 - -2) + 1 + 1?
4
What is the value of 4 - (-1 - (1 + -3))?
3
What is -11 + 2 + -1 + 7 + -4?
-7
Calculate 0 - -3 - (17 - 14).
0
Evaluate 11 - (17 - (5 + 1)).
0
What is 8 - (12 - (-14 + 11))?
-7
What is 0 + 2 - (-9 + 13)?
-2
What is the value of (5 - (-2 + 2)) + -19 + 14?
0
Evaluate -3 + (4 - 1) + 6 + -7.
-1
What is 6 + (1 - (-2 - -3) - 3)?
3
4 + -8 + 11 + -12
-5
What is the value of -2 + -3 - (48 - 53)?
0
1 + -2 + -2 + -1
-4
6 + 1 - (-60 + 71)
-4
Evaluate (10 - (-4 + 7)) + -4.
3
Evaluate -31 + 47 + (-3 - 8).
5
Evaluate (1 - 8) + 13 - 5.
1
Calculate (0 - (0 + 0)) + (-5 - -2).
-3
Evaluate -14 - (-10 + -11 + -3).
10
What is 4 - (0 - (-1 - -2))?
5
Evaluate 2 + (2 - 6) + -1.
-3
Evaluate -6 + 6 + 5 + -7.
-2
Calculate -5 - ((-2 - -4) + 0) - -2.
-5
3 - ((-11 - -6) + 0)
8
-3 + 1 - (4 + 0 + -8)
2
What is the value of -1 - -1 - (32 + -28)?
-4
Calculate -4 + 4 - 3 - -1.
-2
Evaluate 5 - ((12 - (2 + 4)) + 7).
-8
What is the value of (8 - 3) + -1 + -3 + 4?
5
What is the value of 9 - ((16 - 8) + 6)?
-5
Calculate -75 + 72 - (-4 + 2 - -5).
-6
Evaluate -1 - (-2 - -2 - -2).
-3
-13 - (1 - (-1 + (5 - -2)))
-8
-1 + -4 - (-1 - 21 - -21)
-4
(2 - 8) + (2 + 6 - -4)
6
-12 + (21 - (8 + 5))
-4
Calculate (-1 - -1) + 1 + (0 - 8).
-7
Calculate 2 - (-3 - (-7 - -2)).
0
Calculate -9 - (3 - (1 + (5 - 0))).
-6
Evaluate (-1 - 1) + -1 + 2.
-1
What is the value of (-4 - (-11 - -3)) + (0 - -1)?
5
What is the value of 1 - 6 - (7 + -19 + 11)?
-4
Evaluate -1 + (0 - -3) + -1 - 6.
-5
Calculate (-6 - -5) + (-2 - -1 - 0).
-2
What is (0 - 1) + -1 - 0?
-2
What is the value of -18 - (0 - (-2 + 3 + 7))?
-10
(-1 - -1) + -7 + 52 + -45
0
What is the value of -1 - ((1 - 3) + 1 + -1)?
1
Evaluate (1 - (10 - -3)) + 12 + -8.
-8
Evaluate 5 - (13 + -5) - -1.
-2
What is (13 + -27 - -26) + (-7 - 0)?
5
Calculate 8 - (11 + 1 - 4).
0
What is 7 + (-13 - 4) + 6?
-4
What is -9 + 11 + (-5 - 1) + 1?
-3
What is (-10 + 16 - (0 + 4)) + -1?
1
Calculate 1 - 6 - (28 - 33) - 1.
-1
13 + -7 - (1 - 0)
5
What is the value of -2 - (3 - 1) - -2?
-2
What is -4 + 8 + (-1 - 0)?
3
Calculate -3 - (7 + -2) - 0.
-8
-2 + 8 - (0 - -5)
1
Calculate (-28 - -27) + (1 + -5 - 0).
-5
What is the value of 6 - (7 + 3 + -6)?
2
What is (0 + 3 - (11 + -2)) + 3?
-3
What is -12 + 1 - (-55 + 48) - -2?
-2
-2 + 7 + -10 + (1 - -6)
2
What is -1 + (-6 - 4) - -7?
-4
Evaluate (-3 - (-5 + 1 + 2)) + 5.
4
What is -13 - (2 - (-12 + 21))?
-6
Calculate 7 + (7 + -13 - 0) + 2.
3
1 - -2 - (-3 + 3)
3
What is the value of 0 + -2 + 2 - (7 - 1)?
-6
1 - (1 + 4 + -3 + -3)
2
Evaluate -2 - (-6 - 0) - (-1 + 4).
1
What is the value of -11 + 8 - (1 - 6)?
2
0 + (1 + -2 - 1)
-2
What is 27 + -20 - (1 - -12)?
-6
What is -7 - -13 - (7 + 1)?
-2
What is -6 + (0 - -3) + (3 - 0)?
0
What is the value of (-1 - (-1 + 0)) + -3 + 2?
-1
Calculate -1 + (4 - 0 - 0).
3
What is the value of 3 + (5 - (3 - -9) - -4)?
0
Calculate (-1 - -9) + 5 + 5 + -15.
3
What is -1 + (1 - -2) + 40 + -48?
-6
Evaluate 107 - 100 - (3 - -1).
3
Calculate (-4 + 0 - 2) + 4.
-2
What is the value of (-1 - (-1 - 1)) + -9 + 10?
2
Evaluate (3 - -5) + -19 + 14.
3
Evaluate (1 - -2) + -1 + (-61 - -60).
1
What is the value of 1 + 6 - (2 - (11 + -15))?
1
What is the value of (-16 + 15 - (-2 + -6)) + -5?
2
What is the value of -1 + 1 - (7 - (2 - -2))?
-3
Calculate 14 + -3 + -8 + 5.
8
Calculate (4 - (2 + -3)) + -4 + 2.
3
Calculate -3 - -9 - (-3 + 9).
0
What is the value of 13 - 17 - (2 + 1)?
-7
What is the value of (-73 - -81) + -10 + 1?
-1
Calculate -2 + -8 + 13 - -1.
4
5 - (1 + (2 - -4) + -4)
2
What is 1 + 8 + 51 + -61?
-1
2 - (3 + -3 + -3 - -4)
1
0 + -3 + -2 - (-11 - -9)
-3
Calculate -2 + (-2 - -1) + 3 - -3.
3
Evaluate -5 + (5 - (-3 + 8)).
-5
What is the value of 0 + (-4 - (4 + -6))?
-2
Calculate -9 - -9 - (1 + 1 + -4).
2
What is the value of -6 + (7 + -10 - -11)?
2
What is (5 - (-3 - -4)) + -9?
-5
What is 2 + (-3 - 4) + 1?
-4
Calculate -2 + 0 - (0 - 2 - 4).
4
Evaluate 3 - (-2 - 1 - (0 - 3)).
3
Evaluate -7 + 6 + -3 - -6.
2
What is the value of 2 - (11 - 9) - (-4 - -1)?
3
Evaluate -8 + (3 - (-1 + 1 - 0)).
-5
-4 - (1 - 3) - -3
1
What is -6 + 10 + 0 - (-2 + 12)?
-6
What is the value of 18 + (-13 - -3) - 11?
-3
What is the value of -1 - (1 - 4) - 0?
2
What is the value of 36 + -26 + -6 + -1?
3
1 + -1 - (-11 + 8)
3
Calculate 77 + -79 - (0 + 0).
-2
4 + 1 + -1 + 2 + -1
5
Calculate -5 + (0 - (-4 + -1)).
0
17 - (2 - (-3 + -5))
7
6 - (-1 + 4) - (-2 + -4)
9
Calculate 9 - (6 - 4) - 10.
-3
What is the value of -4 - -4 - (-3 - -5)?
-2
What is -1 + (0 - 0) - (2 + -1)?
-2
Evaluate -3 - -6 - 1 - (1 - 3).
4
What is the value of -61 + 47 - (-8 - 1)?
-5
What is (-4 + 7 - 3 - -1) + -8?
-7
What is the value of 2 - (-3 + (-1 - (-2 + -1)))?
3
What is the value of -1 + 1 - 15 - (-26 + 19)?
-8
Evaluate -130 + 129 + -8 + 1.
-8
What is (-1 - 1) + (2 - -3)?
3
What is the value of -6 + 1 - (26 - 37)?
6
(-4 - -11) + 3 + -8
2
Calculate 5 - (-6 + 7) - -5.
9
7 + -6 + 0 + 1 + -3
-1
Evaluate -10 + 4 - (1 + -2 - 2).
-3
What is 10 + 6 + -5 + -17?
-6
What is the value of -6 + 6 + 0 + 0?
0
What is the value of -3 + -1 + 2 + (-3 - -2)?
-3
8 + (7 - 12) + 0
3
What is 48 - 36 - (0 - -10)?
2
Calculate (-1 - (-6 + 2)) + 0.
3
Calculate 1 - 12 - (-25 - -21).
-7
What is the value of 3 - (-1 - (2 - 7)) - 0?
-1
-3 + 0 + 6 + 3
6
What is the value of 31 - 21 - (7 - 1)?
4
What is 2 + 15 + (-17 - -7)?
7
Evaluate 3 + 1 + 2 + -9 - -5.
2
Evaluate 2 - (12 - 5 - -3) - 3.
-11
(0 - -7) + (9 - (9 - -3))
4
Calculate (2 - 5) + -2 + (-21 - -22).
-4
Evaluate -2 + -3 + 7 + 2.
4
(-6 - (-10 - 6)) + -7 - -5
8
What is -9 + 9 + -13 + 13?
0
Calculate 19 - 20 - (1 - 1 - -6).
-7
What is -1 + -2 + (1 - (-2 + 0))?
0
Evaluate -4 - (1 + -1) - -5.
1
Calculate (-5 - 3 - 4) + 18.
6
Calculate (-3 - -6) + -1 + -3 + 0.
-1
6 - (-6 + 5 + 6)
1
What is -7 - (-4 + 3 + -5)?
-1
What is the value of 8 + -5 - (2 + -3 + 0)?
4
What is -2 + 0 + 6 - 7?
-3
What is the value of 15 + 2 - 10 - (1 + 1)?
5
What is the value of (-39 - -32) + 1 + 1?
-5
What is (-4 + 5 - 4) + 11 - 5?
3
5 + 2 + -4 + -17 + 11
-3
-11 + 5 + -1 - -10
3
What is the value of -4 + -1 + (4 - 4)?
-5
What is 26 + -28 + (5 - (0 + 0))?
3
-4 + -2 + (3 - (-12 + 1))
8
Evaluate -10 - (-18 - -7) - 5.
-4
Calculate 3 + 11 + (2 - (7 - -1)).
8
Calculate -10 + -1 + 9 + (1 - 4).
-5
Evaluate 4 + -1 + -7 + -1.
-5
(-1 + 4 - 0 - 4) + -2
-3
What is the value of 19 + -3 + -2 - 8?
6
-1 + -3 + -7 + 14
3
Calculate 13 - 20 - (-1 - (1 + 0)).
-5
16 + (-3 - (18 - 13))
8
Evaluate (-10 + 4 - -1 - -2) + 4.
1
What is 6 + -3 + -1 - (-10 + 6)?
6
Evaluate (3 - (-2 - -5)) + -1.
-1
4 + (-8 + 0 - -4)
0
What is -2 + 7 + -5 - (-4 + 0)?
4
Calculate (5 - 9 - -8) + -4.
0
Calculate 8 - (3 + -3 + 4 + 8).
-4
Evaluate -6 - -9 - (1 + 3 + 